 - 2?
5e9
In base 10, what is 6 + -60?
-54
In base 5, what is 10 + -421?
-411
In base 14, what is -4b5 - 0?
-4b5
In base 4, what is -10 - 3121?
-3131
In base 4, what is -213 - 212?
-1031
In base 5, what is 312 + 0?
312
In base 15, what is a3 + 3?
a6
In base 15, what is -98 + -2?
-9a
In base 6, what is -5 + 3142?
3133
In base 16, what is -6 + -3?
-9
In base 2, what is 101 - 1001011111?
-1001011010
In base 9, what is -33 + 11?
-22
In base 7, what is 14 + 11?
25
In base 6, what is 23 + -124?
-101
In base 10, what is 2978 + 5?
2983
In base 10, what is 127 + -15?
112
In base 14, what is -d9 - -d?
-ca
In base 6, what is 4 + 412?
420
In base 3, what is -2100012 + -2?
-2100021
In base 10, what is -3 - 1556?
-1559
In base 10, what is 29 + -82?
-53
In base 5, what is -20032 + 21?
-20011
In base 10, what is 0 + 33?
33
In base 8, what is -124 - -7?
-115
In base 11, what is 3 - 43?
-40
In base 10, what is 44 + -5?
39
In base 9, what is -5 + 2126?
2121
In base 11, what is -4 + -13?
-17
In base 12, what is 138 + -30?
108
In base 10, what is 23024 + -3?
23021
In base 2, what is -1 + -1101?
-1110
In base 12, what is 178 - 16?
162
In base 12, what is 6 - -84?
8a
In base 5, what is 12 + 3?
20
In base 12, what is 71 - -1a?
8b
In base 10, what is -51 + 0?
-51
In base 2, what is 10011000 - -10?
10011010
In base 16, what is 53e + 2?
540
In base 3, what is -1011 - 12?
-1100
In base 7, what is 336 + 31?
400
In base 15, what is -1e3 - -a?
-1d8
In base 13, what is a29 + 1?
a2a
In base 7, what is -4 + 320?
313
In base 5, what is 32 + 10?
42
In base 13, what is -1586 - -2?
-1584
In base 11, what is -23 + 17?
-7
In base 8, what is 306 - -1?
307
In base 2, what is -111100 - 11?
-111111
In base 6, what is -4 + 11323?
11315
In base 16, what is f - -a?
19
In base 9, what is 0 - -66?
66
In base 8, what is -1751 + -4?
-1755
In base 11, what is 3 - -4?
7
In base 5, what is -4 + -234?
-243
In base 4, what is 3 - 202?
-133
In base 3, what is -102 - -22120?
22011
In base 6, what is 11 - 23?
-12
In base 11, what is 214 + -4?
210
In base 7, what is 3 + -1625?
-1622
In base 5, what is 1 + -400?
-344
In base 16, what is 395 + 3?
398
In base 14, what is 70 - -3?
73
In base 11, what is 168 - 3?
165
In base 13, what is 13c80 - 2?
13c7b
In base 12, what is 3 + -56b?
-568
In base 14, what is 8bb4 + -1?
8bb3
In base 13, what is -c + 6b0?
6a1
In base 11, what is -24a + 4?
-246
In base 12, what is -4 + 2a60?
2a58
In base 13, what is 1a4 + 3?
1a7
In base 11, what is -4 - 220?
-224
In base 10, what is -1 + 150?
149
In base 11, what is -251 + -1?
-252
In base 12, what is -15 + -9?
-22
In base 8, what is -2 - -743?
741
In base 13, what is -55 + 6?
-4c
In base 2, what is -10110100000 - -101?
-10110011011
In base 10, what is -379 - 4?
-383
In base 7, what is 2223 + 45?
2301
In base 5, what is -2 + 11411?
11404
In base 10, what is -39 + 0?
-39
In base 16, what is 4a + 4?
4e
In base 5, what is -3030 - 2?
-3032
In base 11, what is 6 + -50?
-45
In base 7, what is 3 - -1035?
1041
In base 13, what is -a1 - 4?
-a5
In base 12, what is 0 + 45?
45
In base 11, what is 3 + -16a4?
-16a1
In base 15, what is -5 - -d8?
d3
In base 11, what is -1 - 407?
-408
In base 2, what is -11011 + -110111?
-1010010
In base 9, what is 4 + -44?
-40
In base 3, what is -12 - -2000?
1211
In base 8, what is -114 + -2?
-116
In base 11, what is -2 - -77?
75
In base 14, what is 7d56 + -1?
7d55
In base 9, what is -1330 - 2?
-1332
In base 16, what is 0 + -227?
-227
In base 2, what is -100 - 111010?
-111110
In base 7, what is 1555 + 0?
1555
In base 13, what is 5b3 - -c?
5c2
In base 3, what is 1022 - 2?
1020
In base 5, what is 13 - -30342?
30410
In base 8, what is -60 - 5?
-65
In base 4, what is 131 + 12?
203
In base 11, what is 4 + -500?
-4a7
In base 16, what is 1d + 13?
30
In base 16, what is -4 + -363?
-367
In base 15, what is -2 + d?
b
In base 4, what is -32 - -12133?
12101
In base 11, what is 166 + -5?
161
In base 13, what is 55 + -4?
51
In base 11, what is 0 + 2?
2
In base 11, what is -11 - 3?
-14
In base 10, what is -12 - -12?
0
In base 5, what is 23 - 123?
-100
In base 14, what is 0 + -472?
-472
In base 6, what is 5 - 1230?
-1221
In base 15, what is -5 + -86?
-8b
In base 4, what is -1100 - 11?
-1111
In base 2, what is 100 + 110110?
111010
In base 8, what is -5 + 1213?
1206
In base 7, what is 263 - 1?
262
In base 13, what is -6 + -13?
-19
In base 4, what is -1331312 - -10?
-1331302
In base 15, what is -1 + 760?
75e
In base 10, what is -2719 + 4?
-2715
In base 10, what is 31 + -4?
27
In base 6, what is -301 - -305?
4
In base 15, what is 3b + b?
47
In base 6, what is -2054 - 3?
-2101
In base 8, what is 0 - -33?
33
In base 16, what is 3 - 48?
-45
In base 5, what is 2220 - 104?
2111
In base 3, what is -10002 - -11?
-2221
In base 13, what is 13 - -124?
137
In base 12, what is 19 - -204?
221
In base 4, what is 31030 + -10?
31020
In base 5, what is -4 - -134?
130
In base 4, what is -1023 - 0?
-1023
In base 3, what is -11 + 2212?
2201
In base 12, what is -1009 + 12?
-bb7
In base 10, what is 299 - -5?
304
In base 15, what is d1 - 3?
cd
In base 10, what is 26 - -128?
154
In base 7, what is 43 + 10?
53
In base 4, what is -120303 + -10?
-120313
In base 3, what is -11 + -1002121?
-1002202
In base 4, what is 22023 - 11?
22012
In base 3, what is -10 + -20100?
-20110
In base 8, what is -1122 - -1?
-1121
In base 12, what is -190 + 0?
-190
In base 10, what is 0 + 238?
238
In base 10, what is 26 - 292?
-266
In base 13, what is -56 - 2?
-58
In base 9, what is 23 - 3?
20
In base 4, what is -12121102 + 1?
-12121101
In base 3, what is -122012120 + 10?
-122012110
In base 14, what is 6 - 192?
-18a
In base 14, what is -3 - -b?
8
In base 8, what is 530 - -2?
532
In base 13, what is 3 - 22?
-1c
In base 15, what is -c + 22?
15
In base 15, what is 62b - 0?
62b
In base 13, what is 14 - -4?
18
In base 16, what is -2 + -4fd?
-4ff
In base 11, what is -6 - -144?
139
In base 2, what is -1011111 - 10?
-1100001
In base 7, what is -2 - 10?
-12
In base 15, what is 5 - -46?
4b
In base 13, what is -23 + -10?
-33
In base 4, what is -22313 + -2?
-22321
In base 7, what is -14 + -3?
-20
In base 5, what is -1 + -100?
-101
In base 7, what is 20 - -15?
35
In base 9, what is -213 + 3?
-210
In base 11, what is 3 - -67?
6a
In base 4, what is 3313 + -3?
3310
In base 4, what is 23332 + 0?
23332
In base 11, what is -1a + -3?
-22
In base 14, what is 10 + -225?
-215
In base 7, what is -56 + 400?
311
In base 12, what is 4b0 + 34?
524
In base 13, what is -a - -c?
2
In base 6, what is 4 + -112?
-104
In base 11, what is 1 + -6?
-5
In base 16, what is -c + cb?
bf
In base 6, what is -4 - -100445?
100441
In base 8, what is -1165 - 13?
-1200
In base 14, what is a98 - -2?
a9a
In base 10, what is 3 - -216?
219
In base 5, what is 112 + 11?
123
In base 11, what is -3 - 124?
-127
In base 5, what is -111 - -1?
-110
In base 13, what is 6 + -63?
-5a
In base 5, what is 21 + -1232?
-1211
In base 7, what is -3 + -141?
-144
In base 8, what is -244 + -11?
-255
In base 6, what is -34 - -2350?
2312
In base 4, what is 12 - -11301?
11313
In base 7, what is 4 - -4336?
4343
In base 3, what is 0 - -1121002?
1121002
In base 10, what is 129 + -4?
125
In base 12, what is -1 - 252?
-253
In base 13, what is -1b203 + -4?
-1b207
In base 15, what is -d - -a?
-3
In base 13, what is -1a - -c?
-b
In base 8, what is -1345 + -1?
-1346
In base 10, what is -1036 + -1?
-1037
In base 12, what is 5 - 305?
-300
In base 13, what is 257 + -10?
247
In base 14, what is 116 + 4?
11a
In base 3, what is 11 + -21202112?
-21202101
In base 12, what is -2 - 27?
-29
In base 9, what is -13 + 31?
17
In base 11, what is -58 + 5?
-53
In base 3, what is 2 - -10100?
10102
In base 5, what is 3 - 2314?
-2311
In base 8, what is 5 - 21?
-14
In base 6, what is -503 - -200?
-303
In base 12, what is -5 - 283?
-288
In base 8, what is -4 - -64?
60
In base 6, what is 0 - -323?
323
In base 16, what is -4 + b?
7
In base 11, what is 3 + 4a?
52
In base 16, what is 10 - 4?
c
In base 14, what is -2 - 4b?
-4d
In base 9, what is 8 - -57?
66
In base 15, what is c681 + -3?
c67d
In base 6, what is 3 + -3100?
-3053
In base 14, what is -9a8 - 0?
-9a8
In base 9, what is -34 - 64?
-108
In base 9, what is 4 - 17?
-13
In base 8, what is -540 - -2?
-536
In base 4, what is 0 + -